3
Let u(g) = g**2 - 14*g - 29. What are the prime factors of u(-19)?
2, 13, 23
Suppose 12 + 8 = 5*t. What are the prime factors of 3 + t + (-16)/(-1)?
23
Suppose -13 = -4*m - 245. List the prime factors of 2/(-4) + (-3683)/m.
3, 7
Suppose 2*z - 8 - 4 = 0. Suppose 0 = -9*k + z*k + 15. What are the prime factors of k?
5
Let t be ((-2)/(-4))/(4/8). Let u be (4 - t)*1 + -3. Suppose u = -4*l - w + 65, 3*w + 27 = 2*l - 16. What are the prime factors of l?
17
Suppose z + 5*b - 1222 = 0, 5718 + 308 = 5*z - 3*b. What are the prime factors of z?
17, 71
Let c(y) = -y**3 + 11*y**2 + 6*y + 14. Let a(u) = -u**2 + u - 1. Let w(l) = -2*a(l) - c(l). What are the prime factors of w(10)?
2
Let y = -45 - -45. Suppose y = -2*z, -w + 133 = -0*w - 3*z. What are the prime factors of w?
7, 19
Let v be 52/(-182) + (-2)/(-7). Suppose -2*z + 12*z - 1780 = v. What are the prime factors of z?
2, 89
Let i(h) = h**2 - 21*h + 37. List the prime factors of i(-17).
683
Suppose 25*j + 883 = -717. Suppose -4*s = 12, -4*t + 3*s - 181 = 2*s. Let u = t - j. List the prime factors of u.
2, 3
Suppose -116 = t + 3*t. Let y(j) = 13*j**2 + 3*j - 5. Let w be y(2). Let p = w + t. List the prime factors of p.
2, 3
Let j(h) = 758*h - 146. List the prime factors of j(2).
2, 5, 137
Let l be -5 + 3 - (-2)/((-6)/3). What are the prime factors of (-6)/(-10) + (l - 2188/(-20))?
107
Suppose 4*p - 24 = -4*b, 4*b + 3*p - 9 = 4*p. Suppose b*r - 86 - 103 = 3*u, -25 = -5*u. List the prime factors of r.
2, 17
Let j(g) = 12*g**3 + g**2 - g. Let p be j(1). Suppose 0*c = -3*c. Let v = p + c. List the prime factors of v.
2, 3
Suppose -8*l + l = -4970. What are the prime factors of l?
2, 5, 71
List the prime factors of (162/(-135))/((-1)/350).
2, 3, 5, 7
Let c = 661 - 322. List the prime factors of c.
3, 113
Let w = 3783 + -2038. List the prime factors of w.
5, 349
What are the prime factors of 231 - (10/6)/((-5)/(-9))?
2, 3, 19
Let v = 149 + -84. Suppose 5*u - 2*z = 356, 4*u - z - 351 = -v. What are the prime factors of u?
2, 3
Let h(n) = 3*n**3 - n**2 + 25*n - 8. List the prime factors of h(5).
467
Suppose -t + 8*t - 2254 = 0. List the prime factors of t.
2, 7, 23
Let h = 269 + -26. What are the prime factors of h?
3
Suppose -w = 2*w - 237. Suppose -3*t + 4*p = -247, -3*p + p + w = t. What are the prime factors of t?
3
Let l(a) = 2*a**2 - 61*a - 20. List the prime factors of l(41).
29
Let j(h) = -49*h - 889. What are the prime factors of j(-46)?
3, 5, 7, 13
Suppose 10*o + 214 = 54. Let j = 49 - o. What are the prime factors of j?
5, 13
Let x(p) = -32*p + 2. What are the prime factors of x(-6)?
2, 97
Suppose -36*p + 6*p = -7470. List the prime factors of p.
3, 83
Let g(d) = -4*d + 30. Let y be g(18). Suppose 0 = 2*x + 5*w - 141, 5*x - 2*w - 337 = w. Let z = y + x. List the prime factors of z.
2, 13
Let h be 345/(-46)*(-8)/(-10). Let t(u) = -u**3 - 3*u**2 - u + 16. What are the prime factors of t(h)?
2, 5, 13
Suppose -3*b = 5*h - 469, -h + b + 93 = 2*b. Let o = -5 + h. List the prime factors of o.
2, 3, 5
Let b = 17 + -5. Let v = 17 - b. Suppose r + 128 = v*r. What are the prime factors of r?
2
Let p be (-12)/(-15)*10/4 + 56. Let o = 68 - -34. Suppose 5*c - p = o. What are the prime factors of c?
2
Suppose -2*d + 3*d = 0. Let z be (-40 + 6)/(-2 - d). Let n = -13 + z. List the prime factors of n.
2
Let z be (0 - 0)*(10/(-4) + 2). Suppose z = -4*x + 704 - 144. What are the prime factors of x?
2, 5, 7
List the prime factors of 413/56*174 + 3/(-12).
1283
Let h(z) = z**2 - 3*z**2 - 3*z**3 + 4*z**3 + 3*z - 6 - 4*z**2. Let t be h(4). Let n = 2 - t. List the prime factors of n.
2, 7
Let j = -121 + 590. List the prime factors of j.
7, 67
What are the prime factors of (-30)/(-40)*8/(-18)*-5967?
3, 13, 17
Let t = 14 + -14. Suppose -v + 108 = 2*d - t*v, v = 5*d - 270. List the prime factors of d.
2, 3
Let j be 4/26 + (-370)/(-130). Suppose -2*t - 3*z = 0, -22 = -j*t - 4*z + 5*z. Let x = t + 16. List the prime factors of x.
2, 11
Let a(c) = c + 19. Suppose -g - b + 7 - 2 = 0, -3*b + 12 = 0. Suppose 0 = 4*n + 4*s - 24, 3*n = -4*s - g + 17. List the prime factors of a(n).
3
What are the prime factors of (3/2)/(-4 - 9609/(-2400))?
2, 5
Suppose 0 = 2*y - 5 + 23. Let t be (12/y)/(8/(-84)). Suppose -t = -2*u - 0. What are the prime factors of u?
7
Suppose -7224 = -14*y - 896. List the prime factors of y.
2, 113
Suppose 0 = 3*h - 8*h + 10. Let i = h - -8. List the prime factors of 12/i*105/6.
3, 7
Let p = -2651 + 4887. List the prime factors of p.
2, 13, 43
Let w = 7 + 3. Let j(k) = -k**3 + 9*k**2 + 10*k + 14. Let p be j(w). Let i(v) = -v**3 + 15*v**2 - 14*v + 16. List the prime factors of i(p).
2
Let i(r) = r**2 + 4*r - 11. Let d(j) = -j**3 + 6*j**2 - 4*j - 5. Let f be d(5). Let m be (12 + f)/((-12)/8). List the prime factors of i(m).
3, 7
Suppose -8*i + 3528 + 808 = 0. List the prime factors of i.
2, 271
Let b = -511 + 916. What are the prime factors of b?
3, 5
Suppose s + 9 = v, -5 = 5*s - 2*v + 31. What are the prime factors of ((-2)/(-2) + (-8 - s))*-79?
79
Let p be ((-5)/(-15))/(2/12). Suppose 177 = 3*f - p*k, -f + 59 = -0*f + 4*k. What are the prime factors of f?
59
Let p(j) = j - 2. Let n be p(2). Suppose g = u - 7, -17 = -n*g + 2*g - u. Let q = g + 17. List the prime factors of q.
7
Suppose -3*a + 3155 = -4*h, 3164 = a + 2*a + 5*h. List the prime factors of a.
3, 13
Suppose -4*g - 4*t = -3*t - 55, 2*t = g - 7. Let j = 42 - g. Suppose -5*b - 4*k = -220, 138 = 4*b + 5*k - j. What are the prime factors of b?
2, 3
Suppose 2*k = 8*k - 12. Suppose -7 = -4*g - z, -4*z = -2*g + 6 + k. Suppose -4*f = 2*r - 96, 5*r = -4*f + g*f + 48. What are the prime factors of f?
2, 3
Let q = 21 + -15. Let o(h) = 5*h + 9. List the prime factors of o(q).
3, 13
What are the prime factors of (9/(-2))/(4*12/(-640))?
2, 3, 5
List the prime factors of 3*(538/6 + 1 + -4).
2, 5, 13
Suppose -6 = -3*q - 0. Suppose -2*a = -q*m + 606, m - 5*a = -m + 618. List the prime factors of m.
13, 23
Let o = -4228 + 7534. What are the prime factors of o?
2, 3, 19, 29
Let p = 435 + -121. What are the prime factors of p?
2, 157
Let s be (6/(-24))/(-3*3/108). Suppose 0 = -2*t - 5*n + 9, -t + n + s = -12. List the prime factors of t.
2, 3
Let o(x) = 5*x + 3. Let i be o(-3). Let l = i - -83. List the prime factors of l.
71
Let n(c) be the first derivative of -7*c**2 - 38*c - 23. What are the prime factors of n(-7)?
2, 3, 5
Let i(s) = 58*s + 21. Let o be i(-4). Let y = -25 - o. List the prime factors of y.
2, 3, 31
Suppose -2*s + r = -777 - 719, -3734 = -5*s + 4*r. Suppose -5*v + i - 5*i = -s, -v + 2*i = -164. What are the prime factors of v?
2, 7, 11
Let q(s) = 4*s - 14. Let c be q(4). Suppose -u + c*u = 157. List the prime factors of u.
157
Let b = -11 + 13. Suppose 2*v = 6*v. Suppose v*p + 16 = b*p. List the prime factors of p.
2
Suppose 0 = -9*o + 4*o + 585. Suppose 3*p - x = 107, 27 - o = -2*p - 4*x. List the prime factors of p.
37
Let x be 4/(-6) - (0 - (-325)/(-15)). What are the prime factors of 110 + 12/(-21)*x/(-6)?
2, 7
Let i be (-16)/(-3) - (-13)/(-39). Suppose i*s - 2*m - 1477 = -316, -m + 934 = 4*s. List the prime factors of s.
233
Let j be (-6)/(-4) + (-506)/44. List the prime factors of (34/3)/(j/(-30)).
2, 17
Suppose -1922 = -10*r + 3428. What are the prime factors of r?
5, 107
Let t = -708 + 787. List the prime factors of t.
79
Suppose t - 347 = -5*n + 20, -4*n = t - 364. List the prime factors of t.
2, 11
Let q be 4/6 + (-19)/(-3). Suppose 3*o = -5*h - 19, -5*o + 4*h + 18 = -6*o. Suppose o*d = q*d - 15. List the prime factors of d.
3
Suppose -5*b = -2*r - b + 158, 4*b = 3*r - 227. Suppose 0 = -3*v + 225 + r. List the prime factors of v.
2, 7
Suppose 2*m - 162 = 128. Suppose -3*o + m = 5*k, 4*k = -6*o + o + 246. List the prime factors of o.
2, 5
Let n(t) = 120*t**3 - t**2 + 6*t - 2. List the prime factors of n(3).
17, 191
Let y(d) = d**2 - 6. Suppose 5 = v - 2*i, -v + i - 8 = 3*v. List the prime factors of y(v).
3
Let v(b) = 77*b + 358. What are the prime factors of v(9)?
1051
Let y(p) = -p**3 + 4*p**2 - 4*p + 8. Let a be y(3). Let x = 30 - a. List the prime factors of x.
5
Let k be (-2 - -1)/((-7)/854). Suppose 3*g - 67 = k. What are the prime factors of g?
3, 7
Suppose -2*u = -2*r - 5*u - 482, 2*u = 3*r + 710. Let z = r + 401. What are the prime f